2*t + 13 = 5*y. Suppose t = 4*u - 38. What is the tens digit of u?
1
Suppose k + p = -4*p - 7, k - 38 = 4*p. What is the tens digit of k?
1
Suppose 3*u - 2 = -5*l, -3*u + 0*u - l = 2. Let t = 16 + -11. Let x = t - u. What is the units digit of x?
6
Suppose -p + 2*p - 80 = -l, -2*l = -3*p - 140. What is the tens digit of l?
7
Let s(u) = u**3 - 2*u**2 - 2*u + 2. Let h be s(3). Let i(r) = r**2 - 4*r + 5. What is the tens digit of i(h)?
1
Suppose a = -v + 12, 8 + 16 = 2*v + a. Suppose -2*t = -6*t + v. What is the units digit of t?
3
What is the tens digit of (-220)/(-10) - (-1 - 1)?
2
Suppose 29 = 2*f + 5*t, 2*f + 2*t - 4 = 5*f. Suppose -3*i + 0*i + f*g + 3 = 0, 0 = 3*i + 5*g + 18. What is the units digit of (0 + i)/(1/(-4))?
4
Suppose -q - 176 = -4*h, 2*h = -4*q - 0*q + 106. What is the tens digit of h?
4
Let t(d) = -d**3 - 3*d**2 - 2*d - 2. Let o be t(-3). Let l = o + 1. Let i(u) = -u**2 + 7*u - 7. What is the units digit of i(l)?
3
What is the units digit of (-1 - (-17)/3)*414/12?
1
Suppose r + 3 = 0, 0*y + 2*r - 4 = -2*y. What is the units digit of y?
5
Let p = 5 + -1. Suppose 4*q = -0*b - p*b + 12, 5*b - 15 = 3*q. Suppose 4*g = 3*g - b*d + 5, -d = -1. What is the units digit of g?
2
Suppose -2*s = 5*n - 363, -5*s + 0*n = -3*n - 985. What is the hundreds digit of s?
1
Let g(k) = -5*k - 27. Let s(q) = q. Let d(w) = -g(w) - 3*s(w). What is the units digit of d(0)?
7
Let d = -4 + 6. Let j be 4/d + -1 + 10. What is the units digit of (-2)/(-11) + 20/j?
2
Suppose 2*g - 5 = -o, -2*o - 9 = 5*g - 21. Let t(u) = u**2 - u + 2. Let d be t(g). Let c(n) = n**3 - 3*n**2 - 4*n + 6. What is the units digit of c(d)?
6
Suppose -10*h - 8 = -12*h. What is the units digit of h?
4
Let i(u) = u**3 - 5*u**2 - 12*u + 1. What is the tens digit of i(7)?
1
What is the units digit of (-24)/(-108) + (-376)/(-9)?
2
Suppose -5*g = -g - 224. What is the tens digit of g?
5
Let v be 245/20 + (-2)/8. Suppose b = 1 - 0. What is the units digit of -5*b*v/(-10)?
6
Let c(a) = a**2 + 4*a - 4. Let d be c(-5). Let s be 1 - 1 - 0 - d. What is the units digit of (2 + -6)*s/2?
2
Suppose -3*z = z + 8. Suppose 30 = -2*g + 8. What is the units digit of 150/22 + z/g?
7
Suppose 2*k = 540 + 46. What is the tens digit of k?
9
Let p(s) = 52*s + 32. What is the tens digit of p(6)?
4
Suppose -5*t = -t - 384. What is the units digit of t?
6
Suppose 4 = 2*o + 2*r, 2*o = -4*r + 7*r + 9. Suppose 2*z = -q + 2, o*q - 3*z = -2*q + 75. What is the tens digit of q?
1
Suppose 2*d + 4 = 6*d, 3*q = -3*d. Let j(a) = 7*a**2 + a + 1. Let c(b) = 7*b**2 + b + 1. Let r(t) = 7*c(t) - 6*j(t). What is the units digit of r(q)?
7
Let g = 6 + -5. Let t be (6 - g) + 2 + -2. Suppose -t*f + f = -56. What is the tens digit of f?
1
Let g(i) = i**3 + 4*i**2 - 3*i + 4. Let h be g(-4). What is the units digit of ((-102)/8)/((-6)/h)?
4
Suppose -7 = -k + h + 28, 0 = 3*h. What is the tens digit of k?
3
Suppose -4*y = 4*b + 56, 5*b = y - 3*y - 70. Let l = -5 - b. What is the units digit of l?
9
Let p(d) = -d**2 - 6*d + 2. What is the units digit of p(-6)?
2
Suppose 2*w - 56 - 184 = 0. Suppose -2*a = -7*a - 5*b + w, 4*a = 2*b + 114. What is the units digit of a?
7
Let s(h) = -h**3 + h**2 + h + 1. Let l(f) = -4*f**3 + 10*f**2 + f + 9. Let p(d) = l(d) - 3*s(d). What is the units digit of p(6)?
0
Let b(k) = -k + 1. Let w(d) = -12*d + 4. Let y(s) = -10*b(s) + w(s). What is the units digit of y(-5)?
4
Let s = 18 + 7. Suppose 2*d = 7*d - s. Suppose -3*p = p + 2*l - 22, l = -d*p + 29. What is the units digit of p?
6
Suppose 3*y - 2*y + 127 = 2*d, 3*d - 198 = 3*y. What is the units digit of d?
1
Let m(u) = -u**2 - 8*u - 5. Let h be m(-7). Suppose -q - h = q. Let n(s) = -4*s - 1. What is the units digit of n(q)?
3
Suppose -4*d - 24 = 4*t, 3*d = 4*t - 29 - 3. Let g = d + 20. What is the tens digit of g?
1
Let g(q) be the third derivative of q**5/30 - 2*q**3/3 - 3*q**2. Let c(w) be the first derivative of g(w). What is the tens digit of c(4)?
1
Let h(i) = 2*i**2 + 5*i - 3. Let j be h(3). Let y = j - -11. What is the units digit of y?
1
Let x(a) be the third derivative of -a**4/6 - a**3/6 + 2*a**2. What is the units digit of x(-2)?
7
Let t(p) = -p + 6. Let r be t(-6). What is the units digit of -6*(-2 - 16/r)?
0
Suppose -2*p + 6*p = 12, 5*j + 3*p - 104 = 0. What is the tens digit of j?
1
Let z be (-9)/(-6)*4/6. Let s(o) = 12*o + 1. What is the units digit of s(z)?
3
Suppose 0 = -0*b + b - 5. Suppose -4*g = -21 + b. What is the units digit of g?
4
Let u = -16 - -10. Let x = -3 - u. Suppose 3*s = -5*v + 53, -v + x*s + s = -29. What is the units digit of v?
3
Suppose -5*h - 3 = -6*h. Suppose 2*i = h*i - 8. Let t = -4 + i. What is the units digit of t?
4
Suppose -3*o + o = -j - 2, -4*o = -5*j - 10. Suppose 3*i - 3*q - 30 = 0, o = i - 2*q + 3 - 13. What is the units digit of i?
0
Let o(t) = 7*t - 2. Let k be (-1)/(2/6) + 7. Let y be o(k). Suppose -34 = -3*v - 4*m + y, 4*v = 5*m + 49. What is the tens digit of v?
1
Let m(r) = -r**2 - 9*r + 3. Let o be (2 - (-7)/(-3))*-15. Let t(v) = v**2 - 6*v - 4. Let x be t(o). What is the units digit of m(x)?
3
Let d(s) = s**3 + 4*s**2 - 5*s - 6. Suppose -5*n = 3*a - 23, 0*a + 4*n = -a + 10. Suppose -2*l = a + 2. What is the tens digit of d(l)?
1
Let a(x) = x**2 - x - 6*x**3 + 3*x**2 + 4*x**3 - 5*x**2. What is the units digit of a(-2)?
4
Suppose j = -4*j + 15. Let z(c) = -3*c + 3*c - 3*c**3 + 7 + 4*c**j - 7*c**2 + 7*c. What is the tens digit of z(6)?
1
Let a be 6 + 4/(-6)*3. Suppose a*z - 10 = -2. What is the units digit of z?
2
Let z = -5 - -7. Suppose 0 = z*o - 22 - 40. What is the units digit of o?
1
Suppose 2*i + 4 = 0, 4*k + 4*i + 120 = 8*k. What is the units digit of k?
8
Let z(h) = h**2 - 5*h + 4. Let v be z(5). Suppose -10 = 5*q, 5*q = v*c - 5 - 1. What is the units digit of 3 + -1 + 6 + c?
7
Let b be (2161 - -2)/3 - -2. Suppose -2*w = -5*d + 665, 2*w = 4*d + 191 - b. What is the units digit of (d/7)/((-1)/(-1))?
9
Let s be -2*4*(-5)/10. Suppose 0 = -s*x - 27 - 1. Let u = x - -14. What is the units digit of u?
7
Let q = -6 - -6. Suppose 4*l - 60 = -q*l. What is the units digit of l?
5
Suppose -q - 5*x = -2*q - 16, 5*x - 20 = 0. Suppose 0 = q*j - 1 - 11. Suppose 3*w - 5*m = 69, 96 = 2*w + j*w - 2*m. What is the units digit of w?
8
Suppose -2*q + 28 = 2*q - 2*d, -3*d = 3*q - 3. Suppose 0 = 3*r - 0*r - 12. Suppose r*h - 7 = q. What is the units digit of h?
3
Let f = 33 + 1. What is the units digit of f?
4
What is the units digit of (1 + -162)/((-3)/(7 - 1))?
2
Let x(n) = 2*n - 9. Let b be x(9). Suppose -z = 2*z - b. What is the units digit of z?
3
Suppose -3*r = -11 - 40. Suppose -8 = -i + l, 4*i - 2*l = r + 19. What is the tens digit of i?
1
Let j = 30 - 13. Let i = 18 + j. What is the units digit of i?
5
Let h(z) = -z**3 + 11*z**2 + 7. What is the tens digit of h(7)?
0
Let w be ((-24)/4*1)/(-3). Let h(j) = j + 4. Let k be h(-2). Suppose -6 = -w*n + k, 2*y - 4*n - 20 = 0. What is the tens digit of y?
1
Let o(a) = -a**3 - 7*a**2 + 13*a + 7. Let y(n) = -n**3 + 3*n**2 - 2*n - 3. Let d be y(3). What is the units digit of o(d)?
2
Let a = 9 - 11. What is the tens digit of -28*a*1/4?
1
Suppose w = 4 - 2. What is the units digit of -1 - w/(-1) - -2?
3
Suppose q + 90 = -5*a - q, a + 3*q = -31. Let k = a + 27. What is the tens digit of k?
1
Suppose -6*a + 2*a = -4, -2*u = 3*a + 47. Let d = -13 - 2. Let l = d - u. What is the units digit of l?
0
Let j(l) be the second derivative of l**6/144 + l**5/120 - l**4/12 - l. Let q(p) be the third derivative of j(p). What is the tens digit of q(2)?
1
Let s(v) = 2*v - 8 + 1 + 9. Let y be s(11). Suppose 0 = 2*j - 6*j - 5*r + y, 21 = 5*j + 4*r. What is the units digit of j?
1
Let f(g) = g**3 - 8*g**2 - g + 30. What is the units digit of f(8)?
2
Suppose 7*b - 147 = 1750. What is the tens digit of b?
7
Suppose 0 = 4*a + 13 + 3. Let j = -8 - -5. What is the units digit of (-3)/(a + (-2 - j))?
1
Let t = 8 - 6. Suppose t*i + 0*i = 62. What is the tens digit of i?
3
Let y = -30 - -41. What is the tens digit of y?
1
Suppose -p + 4*p = 3. What is the units digit of (-35)/7*-1*p?
5
Suppose 0 = -2*l - 3*p + 6*p + 122, -2*l + p + 118 = 0. What is the units digit of l?
8
Let p(n) = -n**3. Let w be p(0). Suppose 4*c = 6*c. What is the units digit of 10/(c + 1 - w)?
0
Suppose -98 - 235 = -3*i